{"id":749,"date":"2021-06-23T14:44:22","date_gmt":"2021-06-23T12:44:22","guid":{"rendered":"https:\/\/helenecaruso.fr\/?post_type=product&#038;p=749"},"modified":"2024-04-03T18:19:20","modified_gmt":"2024-04-03T16:19:20","slug":"parce-que-lamour-ne-meurt-jamais-olivia-kincaid-tome-2","status":"publish","type":"product","link":"https:\/\/helenecaruso.fr\/index.php\/product\/parce-que-lamour-ne-meurt-jamais-olivia-kincaid-tome-2\/","title":{"rendered":"Love Never Dies (Olivia Kincaid &#8211; Tome 2)"},"content":{"rendered":"<p><strong>Secret d&rsquo;auteur : J&rsquo;ai voulu cr\u00e9er un r\u00e9el contraste entre l&rsquo;Olivia du tome 1, froide et lib\u00e9r\u00e9e, et celle du tome 2, bris\u00e9e et renferm\u00e9e.\u00a0<\/strong><!--more--><\/p>\n<div data-ogsc=\"rgb(0, 0, 0)\"><\/div>\n<p>Pour oublier Caleb, son amour impossible, Olivia quitte New York et se cache \u00e0 Miami, au bord de l\u2019oc\u00e9an, et ouvre un autre chapitre de sa vie, avec un nouveau m\u00e9tier, de nouvelles relations. Parmi ces relations un homme, Carter, un flic, qui pourrait la faire vibrer et rena\u00eetre\u2026 C\u2019est sous-estimer le destin, et la puissance des passions mal \u00e9teintes\u2026 Une histoire d\u2019amour intense, m\u00eal\u00e9e de suspense, qui r\u00e9serve des rebondissements et des frissons sensuels.<\/p>\n","protected":false},"excerpt":{"rendered":"<p>Pour oublier Caleb, son amour impossible, Olivia quitte New York et se cache \u00e0 Miami, au bord de l\u2019oc\u00e9an, et ouvre un autre chapitre de sa vie&#8230;<b><\/b><\/p>\n<p>&nbsp;<\/p>\n","protected":false},"featured_media":1909,"comment_status":"open","ping_status":"closed","template":"","meta":{"ocean_post_layout":"","ocean_both_sidebars_style":"","ocean_both_sidebars_content_width":0,"ocean_both_sidebars_sidebars_width":0,"ocean_sidebar":"0","ocean_second_sidebar":"0","ocean_disable_margins":"enable","ocean_add_body_class":"","ocean_shortcode_before_top_bar":"","ocean_shortcode_after_top_bar":"","ocean_shortcode_before_header":"","ocean_shortcode_after_header":"","ocean_has_shortcode":"","ocean_shortcode_after_title":"","ocean_shortcode_before_footer_widgets":"","ocean_shortcode_after_footer_widgets":"","ocean_shortcode_before_footer_bottom":"","ocean_shortcode_after_footer_bottom":"","ocean_display_top_bar":"default","ocean_display_header":"default","ocean_header_style":"","ocean_center_header_left_menu":"0","ocean_custom_header_template":"0","ocean_custom_logo":0,"ocean_custom_retina_logo":0,"ocean_custom_logo_max_width":0,"ocean_custom_logo_tablet_max_width":0,"ocean_custom_logo_mobile_max_width":0,"ocean_custom_logo_max_height":0,"ocean_custom_logo_tablet_max_height":0,"ocean_custom_logo_mobile_max_height":0,"ocean_header_custom_menu":"0","ocean_menu_typo_font_family":"0","ocean_menu_typo_font_subset":"","ocean_menu_typo_font_size":0,"ocean_menu_typo_font_size_tablet":0,"ocean_menu_typo_font_size_mobile":0,"ocean_menu_typo_font_size_unit":"px","ocean_menu_typo_font_weight":"","ocean_menu_typo_font_weight_tablet":"","ocean_menu_typo_font_weight_mobile":"","ocean_menu_typo_transform":"","ocean_menu_typo_transform_tablet":"","ocean_menu_typo_transform_mobile":"","ocean_menu_typo_line_height":0,"ocean_menu_typo_line_height_tablet":0,"ocean_menu_typo_line_height_mobile":0,"ocean_menu_typo_line_height_unit":"","ocean_menu_typo_spacing":0,"ocean_menu_typo_spacing_tablet":0,"ocean_menu_typo_spacing_mobile":0,"ocean_menu_typo_spacing_unit":"","ocean_menu_link_color":"","ocean_menu_link_color_hover":"","ocean_menu_link_color_active":"","ocean_menu_link_background":"","ocean_menu_link_hover_background":"","ocean_menu_link_active_background":"","ocean_menu_social_links_bg":"","ocean_menu_social_hover_links_bg":"","ocean_menu_social_links_color":"","ocean_menu_social_hover_links_color":"","ocean_disable_title":"on","ocean_disable_heading":"default","ocean_post_title":"","ocean_post_subheading":"","ocean_post_title_style":"","ocean_post_title_background_color":"","ocean_post_title_background":0,"ocean_post_title_bg_image_position":"","ocean_post_title_bg_image_attachment":"","ocean_post_title_bg_image_repeat":"","ocean_post_title_bg_image_size":"","ocean_post_title_height":0,"ocean_post_title_bg_overlay":0.5,"ocean_post_title_bg_overlay_color":"","ocean_disable_breadcrumbs":"off","ocean_breadcrumbs_color":"","ocean_breadcrumbs_separator_color":"","ocean_breadcrumbs_links_color":"","ocean_breadcrumbs_links_hover_color":"","ocean_display_footer_widgets":"default","ocean_display_footer_bottom":"default","ocean_custom_footer_template":"0"},"product_cat":[24],"product_tag":[],"class_list":{"0":"post-749","1":"product","2":"type-product","3":"status-publish","4":"has-post-thumbnail","6":"product_cat-romance-mf","8":"entry","9":"has-media","11":"first","12":"outofstock","13":"taxable","14":"shipping-taxable","15":"purchasable","16":"product-type-simple","17":"has-product-nav","18":"col","19":"span_1_of_7","20":"owp-content-left","21":"owp-thumbs-layout-horizontal","22":"owp-btn-normal","23":"owp-tabs-layout-horizontal","24":"has-no-thumbnails","26":"circle-sale"},"yoast_head":"<!-- This site is optimized with the Yoast SEO plugin v25.6 - https:\/\/yoast.com\/wordpress\/plugins\/seo\/ -->\n<title>Love Never Dies (Olivia Kincaid - Tome 2) - Helene CARUSO Auteure<\/title>\n<meta name=\"robots\" content=\"index, follow, max-snippet:-1, max-image-preview:large, max-video-preview:-1\" \/>\n<link rel=\"canonical\" href=\"https:\/\/helenecaruso.fr\/index.php\/product\/parce-que-lamour-ne-meurt-jamais-olivia-kincaid-tome-2\/\" \/>\n<meta property=\"og:locale\" content=\"fr_FR\" \/>\n<meta property=\"og:type\" content=\"article\" \/>\n<meta property=\"og:title\" content=\"Love Never Dies (Olivia Kincaid - Tome 2) - Helene CARUSO Auteure\" \/>\n<meta property=\"og:description\" content=\"Pour oublier Caleb, son amour impossible, Olivia quitte New York et se cache \u00e0 Miami, au bord de l\u2019oc\u00e9an, et ouvre un autre chapitre de sa vie...  &nbsp;\" \/>\n<meta property=\"og:url\" content=\"https:\/\/helenecaruso.fr\/index.php\/product\/parce-que-lamour-ne-meurt-jamais-olivia-kincaid-tome-2\/\" \/>\n<meta property=\"og:site_name\" content=\"Helene CARUSO Auteure\" \/>\n<meta property=\"article:publisher\" content=\"https:\/\/www.facebook.com\/HeleneCarusoAuteur\/\" \/>\n<meta property=\"article:modified_time\" content=\"2024-04-03T16:19:20+00:00\" \/>\n<meta property=\"og:image\" content=\"https:\/\/i2.wp.com\/helenecaruso.fr\/wp-content\/uploads\/2021\/06\/248438638_1526020511129787_7198535027714527615_n.jpg?fit=1432%2C2048&ssl=1\" \/>\n\t<meta property=\"og:image:width\" content=\"1432\" \/>\n\t<meta property=\"og:image:height\" content=\"2048\" \/>\n\t<meta property=\"og:image:type\" content=\"image\/jpeg\" \/>\n<meta name=\"twitter:card\" content=\"summary_large_image\" \/>\n<meta name=\"twitter:label1\" content=\"Dur\u00e9e de lecture estim\u00e9e\" \/>\n\t<meta name=\"twitter:data1\" content=\"1 minute\" \/>\n<script type=\"application\/ld+json\" class=\"yoast-schema-graph\">{\"@context\":\"https:\/\/schema.org\",\"@graph\":[{\"@type\":\"WebPage\",\"@id\":\"https:\/\/helenecaruso.fr\/index.php\/product\/parce-que-lamour-ne-meurt-jamais-olivia-kincaid-tome-2\/\",\"url\":\"https:\/\/helenecaruso.fr\/index.php\/product\/parce-que-lamour-ne-meurt-jamais-olivia-kincaid-tome-2\/\",\"name\":\"Love Never Dies (Olivia Kincaid - Tome 2) - Helene CARUSO Auteure\",\"isPartOf\":{\"@id\":\"https:\/\/helenecaruso.fr\/#website\"},\"primaryImageOfPage\":{\"@id\":\"https:\/\/helenecaruso.fr\/index.php\/product\/parce-que-lamour-ne-meurt-jamais-olivia-kincaid-tome-2\/#primaryimage\"},\"image\":{\"@id\":\"https:\/\/helenecaruso.fr\/index.php\/product\/parce-que-lamour-ne-meurt-jamais-olivia-kincaid-tome-2\/#primaryimage\"},\"thumbnailUrl\":\"https:\/\/i0.wp.com\/helenecaruso.fr\/wp-content\/uploads\/2021\/06\/248438638_1526020511129787_7198535027714527615_n.jpg?fit=1432%2C2048&ssl=1\",\"datePublished\":\"2021-06-23T12:44:22+00:00\",\"dateModified\":\"2024-04-03T16:19:20+00:00\",\"breadcrumb\":{\"@id\":\"https:\/\/helenecaruso.fr\/index.php\/product\/parce-que-lamour-ne-meurt-jamais-olivia-kincaid-tome-2\/#breadcrumb\"},\"inLanguage\":\"fr-FR\",\"potentialAction\":[{\"@type\":\"ReadAction\",\"target\":[\"https:\/\/helenecaruso.fr\/index.php\/product\/parce-que-lamour-ne-meurt-jamais-olivia-kincaid-tome-2\/\"]}]},{\"@type\":\"ImageObject\",\"inLanguage\":\"fr-FR\",\"@id\":\"https:\/\/helenecaruso.fr\/index.php\/product\/parce-que-lamour-ne-meurt-jamais-olivia-kincaid-tome-2\/#primaryimage\",\"url\":\"https:\/\/i0.wp.com\/helenecaruso.fr\/wp-content\/uploads\/2021\/06\/248438638_1526020511129787_7198535027714527615_n.jpg?fit=1432%2C2048&ssl=1\",\"contentUrl\":\"https:\/\/i0.wp.com\/helenecaruso.fr\/wp-content\/uploads\/2021\/06\/248438638_1526020511129787_7198535027714527615_n.jpg?fit=1432%2C2048&ssl=1\",\"width\":1432,\"height\":2048},{\"@type\":\"BreadcrumbList\",\"@id\":\"https:\/\/helenecaruso.fr\/index.php\/product\/parce-que-lamour-ne-meurt-jamais-olivia-kincaid-tome-2\/#breadcrumb\",\"itemListElement\":[{\"@type\":\"ListItem\",\"position\":1,\"name\":\"Home\",\"item\":\"https:\/\/helenecaruso.fr\/\"},{\"@type\":\"ListItem\",\"position\":2,\"name\":\"Boutique\",\"item\":\"https:\/\/helenecaruso.fr\/index.php\/boutique\/\"},{\"@type\":\"ListItem\",\"position\":3,\"name\":\"Love Never Dies (Olivia Kincaid &#8211; Tome 2)\"}]},{\"@type\":\"WebSite\",\"@id\":\"https:\/\/helenecaruso.fr\/#website\",\"url\":\"https:\/\/helenecaruso.fr\/\",\"name\":\"Helene CARUSO Auteure\",\"description\":\"Helene CARUSO Auteure\",\"publisher\":{\"@id\":\"https:\/\/helenecaruso.fr\/#organization\"},\"potentialAction\":[{\"@type\":\"SearchAction\",\"target\":{\"@type\":\"EntryPoint\",\"urlTemplate\":\"https:\/\/helenecaruso.fr\/?s={search_term_string}\"},\"query-input\":{\"@type\":\"PropertyValueSpecification\",\"valueRequired\":true,\"valueName\":\"search_term_string\"}}],\"inLanguage\":\"fr-FR\"},{\"@type\":\"Organization\",\"@id\":\"https:\/\/helenecaruso.fr\/#organization\",\"name\":\"Helene Caruso Company\",\"url\":\"https:\/\/helenecaruso.fr\/\",\"logo\":{\"@type\":\"ImageObject\",\"inLanguage\":\"fr-FR\",\"@id\":\"https:\/\/helenecaruso.fr\/#\/schema\/logo\/image\/\",\"url\":\"https:\/\/helenecaruso.fr\/wp-content\/uploads\/2021\/05\/logo-rond.png\",\"contentUrl\":\"https:\/\/helenecaruso.fr\/wp-content\/uploads\/2021\/05\/logo-rond.png\",\"width\":1903,\"height\":1875,\"caption\":\"Helene Caruso Company\"},\"image\":{\"@id\":\"https:\/\/helenecaruso.fr\/#\/schema\/logo\/image\/\"},\"sameAs\":[\"https:\/\/www.facebook.com\/HeleneCarusoAuteur\/\",\"https:\/\/www.instagram.com\/helene_caruso_auteure\/\"]}]}<\/script>\n<!-- \/ Yoast SEO plugin. -->","yoast_head_json":{"title":"Love Never Dies (Olivia Kincaid - Tome 2) - Helene CARUSO Auteure","robots":{"index":"index","follow":"follow","max-snippet":"max-snippet:-1","max-image-preview":"max-image-preview:large","max-video-preview":"max-video-preview:-1"},"canonical":"https:\/\/helenecaruso.fr\/index.php\/product\/parce-que-lamour-ne-meurt-jamais-olivia-kincaid-tome-2\/","og_locale":"fr_FR","og_type":"article","og_title":"Love Never Dies (Olivia Kincaid - Tome 2) - Helene CARUSO Auteure","og_description":"Pour oublier Caleb, son amour impossible, Olivia quitte New York et se cache \u00e0 Miami, au bord de l\u2019oc\u00e9an, et ouvre un autre chapitre de sa vie...  &nbsp;","og_url":"https:\/\/helenecaruso.fr\/index.php\/product\/parce-que-lamour-ne-meurt-jamais-olivia-kincaid-tome-2\/","og_site_name":"Helene CARUSO Auteure","article_publisher":"https:\/\/www.facebook.com\/HeleneCarusoAuteur\/","article_modified_time":"2024-04-03T16:19:20+00:00","og_image":[{"width":1432,"height":2048,"url":"https:\/\/i2.wp.com\/helenecaruso.fr\/wp-content\/uploads\/2021\/06\/248438638_1526020511129787_7198535027714527615_n.jpg?fit=1432%2C2048&ssl=1","type":"image\/jpeg"}],"twitter_card":"summary_large_image","twitter_misc":{"Dur\u00e9e de lecture estim\u00e9e":"1 minute"},"schema":{"@context":"https:\/\/schema.org","@graph":[{"@type":"WebPage","@id":"https:\/\/helenecaruso.fr\/index.php\/product\/parce-que-lamour-ne-meurt-jamais-olivia-kincaid-tome-2\/","url":"https:\/\/helenecaruso.fr\/index.php\/product\/parce-que-lamour-ne-meurt-jamais-olivia-kincaid-tome-2\/","name":"Love Never Dies (Olivia Kincaid - Tome 2) - Helene CARUSO Auteure","isPartOf":{"@id":"https:\/\/helenecaruso.fr\/#website"},"primaryImageOfPage":{"@id":"https:\/\/helenecaruso.fr\/index.php\/product\/parce-que-lamour-ne-meurt-jamais-olivia-kincaid-tome-2\/#primaryimage"},"image":{"@id":"https:\/\/helenecaruso.fr\/index.php\/product\/parce-que-lamour-ne-meurt-jamais-olivia-kincaid-tome-2\/#primaryimage"},"thumbnailUrl":"https:\/\/i0.wp.com\/helenecaruso.fr\/wp-content\/uploads\/2021\/06\/248438638_1526020511129787_7198535027714527615_n.jpg?fit=1432%2C2048&ssl=1","datePublished":"2021-06-23T12:44:22+00:00","dateModified":"2024-04-03T16:19:20+00:00","breadcrumb":{"@id":"https:\/\/helenecaruso.fr\/index.php\/product\/parce-que-lamour-ne-meurt-jamais-olivia-kincaid-tome-2\/#breadcrumb"},"inLanguage":"fr-FR","potentialAction":[{"@type":"ReadAction","target":["https:\/\/helenecaruso.fr\/index.php\/product\/parce-que-lamour-ne-meurt-jamais-olivia-kincaid-tome-2\/"]}]},{"@type":"ImageObject","inLanguage":"fr-FR","@id":"https:\/\/helenecaruso.fr\/index.php\/product\/parce-que-lamour-ne-meurt-jamais-olivia-kincaid-tome-2\/#primaryimage","url":"https:\/\/i0.wp.com\/helenecaruso.fr\/wp-content\/uploads\/2021\/06\/248438638_1526020511129787_7198535027714527615_n.jpg?fit=1432%2C2048&ssl=1","contentUrl":"https:\/\/i0.wp.com\/helenecaruso.fr\/wp-content\/uploads\/2021\/06\/248438638_1526020511129787_7198535027714527615_n.jpg?fit=1432%2C2048&ssl=1","width":1432,"height":2048},{"@type":"BreadcrumbList","@id":"https:\/\/helenecaruso.fr\/index.php\/product\/parce-que-lamour-ne-meurt-jamais-olivia-kincaid-tome-2\/#breadcrumb","itemListElement":[{"@type":"ListItem","position":1,"name":"Home","item":"https:\/\/helenecaruso.fr\/"},{"@type":"ListItem","position":2,"name":"Boutique","item":"https:\/\/helenecaruso.fr\/index.php\/boutique\/"},{"@type":"ListItem","position":3,"name":"Love Never Dies (Olivia Kincaid &#8211; Tome 2)"}]},{"@type":"WebSite","@id":"https:\/\/helenecaruso.fr\/#website","url":"https:\/\/helenecaruso.fr\/","name":"Helene CARUSO Auteure","description":"Helene CARUSO Auteure","publisher":{"@id":"https:\/\/helenecaruso.fr\/#organization"},"potentialAction":[{"@type":"SearchAction","target":{"@type":"EntryPoint","urlTemplate":"https:\/\/helenecaruso.fr\/?s={search_term_string}"},"query-input":{"@type":"PropertyValueSpecification","valueRequired":true,"valueName":"search_term_string"}}],"inLanguage":"fr-FR"},{"@type":"Organization","@id":"https:\/\/helenecaruso.fr\/#organization","name":"Helene Caruso Company","url":"https:\/\/helenecaruso.fr\/","logo":{"@type":"ImageObject","inLanguage":"fr-FR","@id":"https:\/\/helenecaruso.fr\/#\/schema\/logo\/image\/","url":"https:\/\/helenecaruso.fr\/wp-content\/uploads\/2021\/05\/logo-rond.png","contentUrl":"https:\/\/helenecaruso.fr\/wp-content\/uploads\/2021\/05\/logo-rond.png","width":1903,"height":1875,"caption":"Helene Caruso Company"},"image":{"@id":"https:\/\/helenecaruso.fr\/#\/schema\/logo\/image\/"},"sameAs":["https:\/\/www.facebook.com\/HeleneCarusoAuteur\/","https:\/\/www.instagram.com\/helene_caruso_auteure\/"]}]}},"jetpack_sharing_enabled":true,"_links":{"self":[{"href":"https:\/\/helenecaruso.fr\/index.php\/wp-json\/wp\/v2\/product\/749"}],"collection":[{"href":"https:\/\/helenecaruso.fr\/index.php\/wp-json\/wp\/v2\/product"}],"about":[{"href":"https:\/\/helenecaruso.fr\/index.php\/wp-json\/wp\/v2\/types\/product"}],"replies":[{"embeddable":true,"href":"https:\/\/helenecaruso.fr\/index.php\/wp-json\/wp\/v2\/comments?post=749"}],"version-history":[{"count":6,"href":"https:\/\/helenecaruso.fr\/index.php\/wp-json\/wp\/v2\/product\/749\/revisions"}],"predecessor-version":[{"id":765,"href":"https:\/\/helenecaruso.fr\/index.php\/wp-json\/wp\/v2\/product\/749\/revisions\/765"}],"wp:featuredmedia":[{"embeddable":true,"href":"https:\/\/helenecaruso.fr\/index.php\/wp-json\/wp\/v2\/media\/1909"}],"wp:attachment":[{"href":"https:\/\/helenecaruso.fr\/index.php\/wp-json\/wp\/v2\/media?parent=749"}],"wp:term":[{"taxonomy":"product_cat","embeddable":true,"href":"https:\/\/helenecaruso.fr\/index.php\/wp-json\/wp\/v2\/product_cat?post=749"},{"taxonomy":"product_tag","embeddable":true,"href":"https:\/\/helenecaruso.fr\/index.php\/wp-json\/wp\/v2\/product_tag?post=749"}],"curies":[{"name":"wp","href":"https:\/\/api.w.org\/{rel}","templated":true}]}}